{"id":248,"date":"2024-05-24T10:00:34","date_gmt":"2024-05-24T08:00:34","guid":{"rendered":"https:\/\/suarezdefigueroa.es\/robotic\/?page_id=248"},"modified":"2024-05-28T17:11:04","modified_gmt":"2024-05-28T15:11:04","slug":"participantes","status":"publish","type":"page","link":"https:\/\/suarezdefigueroa.es\/robotic\/participantes\/","title":{"rendered":"Participantes 2023\/2024"},"content":{"rendered":"\r\n<ul>\r\n<li><a href=\"https:\/\/suarezdefigueroa.es\/robotic\/tag\/2324almudenarodriguez\/\" rel=\"tag\">2324AlmudenaRodriguez<\/a><\/li>\r\n<li><a href=\"https:\/\/suarezdefigueroa.es\/robotic\/tag\/2324ameliahernandez\/\" rel=\"tag\">2324AmeliaHern\u00e1ndez<\/a><\/li>\r\n<li><a href=\"https:\/\/suarezdefigueroa.es\/robotic\/tag\/2324carlosmagro\/\" rel=\"tag\">2324CarlosMagro<\/a><\/li>\r\n<li><a href=\"https:\/\/suarezdefigueroa.es\/robotic\/tag\/2324carmencarballeira\/\" rel=\"tag\">2324CarmenCarballeira<\/a><\/li>\r\n<li><a href=\"https:\/\/suarezdefigueroa.es\/robotic\/tag\/2324conchamendez\/\" rel=\"tag\">2324ConchaM\u00e9ndez<\/a><\/li>\r\n<li><a href=\"https:\/\/suarezdefigueroa.es\/robotic\/tag\/2324doloresgarcia\/\" rel=\"tag\">2324DoloresGarcia<\/a><\/li>\r\n<li><a href=\"https:\/\/suarezdefigueroa.es\/robotic\/tag\/2324doloresrodriguez\/\" rel=\"tag\">2324DoloresRodriguez<\/a><\/li>\r\n<li><a href=\"https:\/\/suarezdefigueroa.es\/robotic\/tag\/2324enriqueagudo\/\" rel=\"tag\">2324EnriqueAgudo<\/a><\/li>\r\n<li><a href=\"https:\/\/suarezdefigueroa.es\/robotic\/tag\/2324franciscocuadrado\/\" rel=\"tag\">2324FranciscoCuadrado<\/a><\/li>\r\n<li><a href=\"https:\/\/suarezdefigueroa.es\/robotic\/tag\/2324irenecastellanos\/\" rel=\"tag\">2324IreneCastellanos<\/a><\/li>\r\n<li><a href=\"https:\/\/suarezdefigueroa.es\/robotic\/tag\/2324jeanettebenitez\/\" rel=\"tag\">2324JeanetteBenitez<\/a><\/li>\r\n<li><a href=\"https:\/\/suarezdefigueroa.es\/robotic\/tag\/2324mamendominguez\/\" rel=\"tag\">2324MamenDominguez<\/a><\/li>\r\n<li><a href=\"https:\/\/suarezdefigueroa.es\/robotic\/tag\/2324manolocastano\/\" rel=\"tag\">2324ManoloCasta\u00f1o<\/a><\/li>\r\n<li><a href=\"https:\/\/suarezdefigueroa.es\/robotic\/tag\/2324mariaboton\/\" rel=\"tag\">2324MariaBoton<\/a><\/li>\r\n<li><a href=\"https:\/\/suarezdefigueroa.es\/robotic\/tag\/2324mariaisabelmontano\/\" rel=\"tag\">2324MariaIsabelMonta\u00f1o<\/a><\/li>\r\n<li><a href=\"https:\/\/suarezdefigueroa.es\/robotic\/tag\/2324miguelangelbrioso\/\" rel=\"tag\">2324MiguelAngelBrioso<\/a><\/li>\r\n<li><a href=\"https:\/\/suarezdefigueroa.es\/robotic\/tag\/2324monicasilva\/\" rel=\"tag\">2324MonicaSilva<\/a><\/li>\r\n<li><a href=\"https:\/\/suarezdefigueroa.es\/robotic\/tag\/2324sheilavaca\/\" rel=\"tag\">2324SheilaVaca<\/a><\/li>\r\n<li><a href=\"https:\/\/suarezdefigueroa.es\/robotic\/tag\/2324tomasortiz\/\" rel=\"tag\">2324Tom\u00e1sOrtiz<\/a>\u00a0<\/li>\r\n<li><a href=\"https:\/\/suarezdefigueroa.es\/robotic\/tag\/2324valentinperez\/\" rel=\"tag\">2324ValentinPerez<\/a>\r\n\r\n<\/li>\r\n<\/ul>\r\n","protected":false},"excerpt":{"rendered":"<p>2324AlmudenaRodriguez 2324AmeliaHern\u00e1ndez 2324CarlosMagro 2324CarmenCarballeira 2324ConchaM\u00e9ndez 2324DoloresGarcia 2324DoloresRodriguez 2324EnriqueAgudo 2324FranciscoCuadrado 2324IreneCastellanos 2324JeanetteBenitez 2324MamenDominguez 2324ManoloCasta\u00f1o 2324MariaBoton 2324MariaIsabelMonta\u00f1o 2324MiguelAngelBrioso 2324MonicaSilva 2324SheilaVaca 2324Tom\u00e1sOrtiz\u00a0 2324ValentinPerez<span class=\"more-link\"><a href=\"https:\/\/suarezdefigueroa.es\/robotic\/participantes\/\">Leer m\u00e1s<\/a><\/span><\/p>\n","protected":false},"author":1,"featured_media":0,"parent":0,"menu_order":0,"comment_status":"closed","ping_status":"closed","template":"","meta":{"footnotes":""},"class_list":["entry","author-robotix","post-248","page","type-page","status-publish"],"_links":{"self":[{"href":"https:\/\/suarezdefigueroa.es\/robotic\/wp-json\/wp\/v2\/pages\/248","targetHints":{"allow":["GET"]}}],"collection":[{"href":"https:\/\/suarezdefigueroa.es\/robotic\/wp-json\/wp\/v2\/pages"}],"about":[{"href":"https:\/\/suarezdefigueroa.es\/robotic\/wp-json\/wp\/v2\/types\/page"}],"author":[{"embeddable":true,"href":"https:\/\/suarezdefigueroa.es\/robotic\/wp-json\/wp\/v2\/users\/1"}],"replies":[{"embeddable":true,"href":"https:\/\/suarezdefigueroa.es\/robotic\/wp-json\/wp\/v2\/comments?post=248"}],"version-history":[{"count":5,"href":"https:\/\/suarezdefigueroa.es\/robotic\/wp-json\/wp\/v2\/pages\/248\/revisions"}],"predecessor-version":[{"id":479,"href":"https:\/\/suarezdefigueroa.es\/robotic\/wp-json\/wp\/v2\/pages\/248\/revisions\/479"}],"wp:attachment":[{"href":"https:\/\/suarezdefigueroa.es\/robotic\/wp-json\/wp\/v2\/media?parent=248"}],"curies":[{"name":"wp","href":"https:\/\/api.w.org\/{rel}","templated":true}]}}